n) - 3*r(n). Let j(s) = 22*s + 38. Let p(w) = -5*j(w) - 12*m(w). What are the prime factors of p(-11)?
2, 3
Let z(f) = -35*f + 31. What are the prime factors of z(-13)?
2, 3
Let n(z) = 22*z - 1. Let c(i) be the second derivative of -i**3/6 - i**2/2 + 3*i. Let r be c(-2). What are the prime factors of n(r)?
3, 7
Suppose 3*i + 58 = -n, 0 = -3*i - 2*n - 2*n - 52. Suppose -2*k + 3*r - 2*r = 23, -2*k + 4*r = 20. Let w = k - i. List the prime factors of w.
2
Suppose 4 = -4*w + 5*u - 0, 3*w - 4*u = -4. Suppose 2*b = -w*b + 222. List the prime factors of b.
37
Let m = 230 + 475. List the prime factors of m.
3, 5, 47
Let w = -31 + 33. Suppose -3*k - 2 = -w*c + 270, 0 = 4*c + 2*k - 528. List the prime factors of c.
7, 19
Let o be ((-12)/15)/(6/825). Let s = o + 155. List the prime factors of s.
3, 5
Let q = 3 + 1. Suppose 5 + q = 3*x. Suppose -x*l - 4 = -91. What are the prime factors of l?
29
Suppose -i + 2565 = -3*d + 8*d, -i = -d + 507. What are the prime factors of d?
2
Suppose -2*g - 6*k - 23 = -k, -3*k = -2*g - 15. List the prime factors of 21 - 0*(-3)/g.
3, 7
Suppose 0 = -2*d + 3*q + 35, 0 = 3*d + 4*q - 21 - 6. Let x be 18/(-117) + 28/d. Suppose 0 = -s + x + 4. What are the prime factors of s?
2, 3
Suppose 32 = 4*l - 0*l. Suppose -l = -p - 4. Suppose p*d = 192 - 16. List the prime factors of d.
2, 11
Let v = 18 - -39. Suppose 9*g + v = 12*g. List the prime factors of g.
19
Suppose 19 = 3*b + o, 5*b - b = 2*o + 42. Suppose -b*i = -3*i + 105. What are the prime factors of (30/(-7))/(6/i)?
3, 5
Let u(x) = -185*x**2 - 1. Let g be u(1). Let c = -121 - g. List the prime factors of c.
5, 13
Suppose 0 = 4*a + l + l + 52, -5*a = -2*l + 83. What are the prime factors of 1/3 + (-85)/a?
2, 3
Let i(f) = -17*f**2 - 6*f + 7. Let v be i(4). Let z = v + 425. What are the prime factors of z?
2, 17
Let p(r) = 37*r - 27*r - 26*r + 5. What are the prime factors of p(-12)?
197
Let o(d) = 4*d - 4. Let z(f) = -4*f + 5. Suppose 4 = -4*t, -t - t = 3*k + 17. Let c(s) = k*z(s) - 4*o(s). List the prime factors of c(7).
19
Let t(m) = 42*m**2 - 16*m + 37. List the prime factors of t(5).
19, 53
Suppose -2*q + 4 = -2. Suppose 5*a - q*a + y = -109, 3*a + 4*y = -166. List the prime factors of (a/(-21))/((-3)/(-28)).
2, 3
Suppose 4*p + 12 = 4*u, 0 = 5*u + p + 2*p + 9. Let f be 13062/238 - (-2)/17. Suppose -3*o + f = 5*t, -t + 0 - 4 = u. What are the prime factors of o?
5
Let o = 13 + -13. Let p(z) = z**2 + 2. Let g be p(0). Suppose o = 4*t + g - 86. What are the prime factors of t?
3, 7
Let w(v) = v**3 + 5*v**2 - 4*v + 11. Let u be w(-5). Let t = u - 16. List the prime factors of t.
3, 5
Suppose 0*b + 7*b = 98. List the prime factors of (4/b - (-1777)/28)*4.
3, 5, 17
Let u(j) = -5*j - 10. Let i be u(-2). Suppose -15*a + 440 - 125 = i. What are the prime factors of a?
3, 7
Let x = -7 + 12. Suppose 33 = -2*y + 5*y. Suppose -y - 9 = -x*c. List the prime factors of c.
2
Suppose -10 + 2 = 2*b. Let y be b/(-6) - 24/(-18). Suppose y*m = -48 + 128. List the prime factors of m.
2, 5
Let l be (4/10)/(9/180). Let p be (l/2)/(8/520). Suppose 3*r = 5*i - 293, -r + 5*r = -4*i + p. What are the prime factors of i?
61
Suppose 5*p = 4*c + 11, 4*c + 0 = 2*p - 14. Let d be (-3 + p)*(-7)/14. Suppose -d*k + 81 = -t, -t - 210 = -5*k + 3*t. List the prime factors of k.
2, 19
Suppose 3422 = 2*l + 3*g, -3*l + 2*g - 3*g = -5147. List the prime factors of l.
17, 101
Let j = -25 + 15. Suppose 15 + 13 = l. Let a = l - j. List the prime factors of a.
2, 19
Let l(t) = 2*t**2 + 6*t - 6. What are the prime factors of l(9)?
2, 3, 5, 7
Let l(x) = 28*x**2 - 4*x - 2. Let s be l(4). Suppose -2*g = 5*v - 4*g - s, -344 = -4*v + g. What are the prime factors of v?
2, 43
Let h = 234 + -88. List the prime factors of h.
2, 73
Suppose -5*b + g + 184 + 666 = 0, g = -4*b + 680. What are the prime factors of b?
2, 5, 17
Let a be 15/(-9)*24/(-20). Let k = 13 - 8. Suppose -k*g + a*g = -30. What are the prime factors of g?
2, 5
Let z = 247 + -416. Let b = 454 + z. List the prime factors of b.
3, 5, 19
Let n(y) = 51*y + 40. Let w be n(11). Suppose 2*v - 3*g = -2*v + w, -2*v + 2*g = -302. List the prime factors of v.
2, 37
Suppose -5316 = 2*v - 6*v - m, 0 = -3*m + 12. What are the prime factors of v?
2, 83
Suppose 3*b + 2*b = -410. Let g = -14 - b. What are the prime factors of g?
2, 17
Suppose 4*t - 16 = 8*t. Let w be -2 - (t/(-2) + -57). Suppose -4*u = -5*u + w. List the prime factors of u.
53
Suppose 55*z - 13102 = 7743. List the prime factors of z.
379
Suppose 0 = -2*d - 3*d + 25. Suppose -d*o = -65 + 20. What are the prime factors of o?
3
Suppose 5*d = 5*f - 40, 3*f + 57 = 7*f + d. Suppose 0 = 10*u - f*u + 666. What are the prime factors of u?
2, 3, 37
Let q be (-15)/15 - (-1 - 2). What are the prime factors of 49 + 6 - (-2)/q?
2, 7
List the prime factors of (-44 - -4)/(38/(-34) + 1).
2, 5, 17
Let f(t) = -54*t + t**2 - 5 + 57*t + t**3 - 2*t**3 + 7*t**2. Let x(y) = -y**2 + 8*y - 4. Let a be x(6). What are the prime factors of f(a)?
19
Let f be (1040/12)/(-2)*12/10. What are the prime factors of (f/(-6)*15)/1?
2, 5, 13
Let h = 1248 - 706. List the prime factors of h.
2, 271
Let r(k) = k**3 - 3*k**2 + 3*k - 3. Let h be r(3). Suppose 339 = h*o - 177. List the prime factors of o.
2, 43
Suppose 2*f = 4*d - 15138, 469 - 4226 = -d - 5*f. What are the prime factors of d?
2, 31, 61
What are the prime factors of 2/10 + 9765/175?
2, 7
Suppose -5*z + 4*d = -789 - 705, 2*z + 3*d - 616 = 0. List the prime factors of z.
2, 151
Let z = 14 + -10. Suppose 4*a - 1 = u, -z*u = u - 15. What are the prime factors of 26 - (a - (3 + -2))?
2, 13
Let k be (-25)/(-2)*(-24)/10. Suppose 13*h = -3 - 244. Let w = h - k. What are the prime factors of w?
11
Let u(o) = o**2 + o - 1. Let b be u(-3). Let y be (4 - (4 + 3)) + b. Suppose -197 = -3*s + 3*l + 40, -y*s = -3*l - 161. What are the prime factors of s?
2, 19
Suppose -5*m = -5*n - 1391 - 8944, 0 = 5*m + 4*n - 10380. List the prime factors of m.
2, 7, 37
Let x = 18 + -14. Suppose -4*a = x*s - 100, -3*s - 2*a = -4*a - 65. What are the prime factors of s?
23
Suppose i - 5 = 6*i - 4*w, 4*w = 20. Suppose -3*u + 156 = i*n, -u + 18 = -3*n - 30. What are the prime factors of u?
3, 17
Let n = 986 + -406. List the prime factors of n.
2, 5, 29
Let j(o) = -22 + 2*o**3 + o**2 - o**3 + 72. Suppose -5*r - 3*h = -9 - 6, -5*h = r - 25. What are the prime factors of j(r)?
2, 5
Suppose 0*z - 2*z + 5*b = -2261, -5*b = -3*z + 3379. What are the prime factors of z?
2, 13, 43
Let i(t) be the first derivative of 7*t**4/24 + t**3/6 + 3*t**2/2 - 1. Let j(m) be the second derivative of i(m). What are the prime factors of j(1)?
2
Let o = -182 + 262. List the prime factors of o.
2, 5
Let i = 10516 - 7424. List the prime factors of i.
2, 773
Suppose -5*k + k = -12. Let x(b) = -1 - b**k + 4*b - 3*b + b - 4*b**2. What are the prime factors of x(-5)?
2, 7
Let i(g) = -11*g - 4. Let v(y) = 22*y + 7. Let c(m) = -13*i(m) - 6*v(m). Let s be c(-4). Let x = 61 + s. What are the prime factors of x?
3
Let f be 23/(-6) - 6/36. Let v(t) = 2*t**2 + 3*t - 2. List the prime factors of v(f).
2, 3
Let f = 4 + -15. Let s be 4 + (-1 - 4) - f. List the prime factors of 0 + -4 - (s - 61).
47
Suppose -5*c - 7*u + 3*u + 128 = 0, 5*c - 3*u = 149. What are the prime factors of (c/(-8) - -4)/((-2)/(-588))?
3, 7
Let g(u) be the third derivative of -u**6/120 - u**5/60 - u**3/3 + 3*u**2. Let k be g(0). What are the prime factors of (-9)/k + (-1)/(-2)?
5
Suppose -11*u + 3*j = -16*u + 1934, 3*u - 1167 = -4*j. What are the prime factors of u?
5, 7, 11
Let h(p) = p**2 + 12*p - 2. Let j be h(-14). Suppose -34 = -n - 5*s + j, 0 = -2*n + 5*s + 120. List the prime factors of n.
2, 3, 5
Let h be (2 + (-4)/(-8))/(2/76). Let v = h - 93. What are the prime factors of v?
2
Suppose 1007 = 6*n - 3157. What are the prime factors of n?
2, 347
Let h(r) = -11*r**2 + 6*r - 11*r**2 + 23*r**2 + 3. Let c be h(-4). List the prime factors of c + 6 - (-52)/1.
53
Suppose 0*u + 5*u = -50. Let p be (-12)/u - 1/5. What are the prime factors of -11 + 36 - (p + 2)?
2, 11
Suppose -300*g - 763 = -301*g - h, -2*h = -4*g + 3076. What are the prime factors of g?
13, 59
Let o(f) = -11*f**3 + 3*f**2 - 13*f - 27. What are the prime factors of o(-3)?
2, 3, 7
Suppose -8*r + 20 = -44. Suppose -1036 = x - 